{"id":1830,"date":"2024-08-19T19:30:23","date_gmt":"2024-08-19T19:30:23","guid":{"rendered":"https:\/\/hidrotherm.com\/?post_type=product&#038;p=1830"},"modified":"2024-09-30T11:41:27","modified_gmt":"2024-09-30T16:41:27","slug":"bomba","status":"publish","type":"product","link":"https:\/\/hidrotherm.com\/?product=bomba","title":{"rendered":"ALASKA PLUS 2HP II 60HZ"},"content":{"rendered":"","protected":false},"excerpt":{"rendered":"","protected":false},"featured_media":1831,"comment_status":"open","ping_status":"closed","template":"","meta":[],"product_brand":[],"product_cat":[33,26],"product_tag":[],"class_list":{"0":"post-1830","1":"product","2":"type-product","3":"status-publish","4":"has-post-thumbnail","6":"product_cat-bombas-de-filtracion","7":"product_cat-equipos-de-piscina","9":"first","10":"instock","11":"taxable","12":"shipping-taxable","13":"purchasable","14":"product-type-simple"},"yoast_head":"<!-- This site is optimized with the Yoast SEO plugin v25.1 - https:\/\/yoast.com\/wordpress\/plugins\/seo\/ -->\n<title>ALASKA PLUS 2HP II 60HZ - Hidrotherm<\/title>\n<meta name=\"description\" content=\"La bomba Alaska Plus de nuevo dise\u00f1o hidr\u00e1ulico mueve el agua de manera m\u00e1s eficiente y silenciosa que cualquier otra bomba de su categor\u00eda. Alaska Plus est\u00e1 dise\u00f1ado para ser silencioso, duradero y confiable\" \/>\n<meta name=\"robots\" content=\"index, follow, max-snippet:-1, max-image-preview:large, max-video-preview:-1\" \/>\n<link rel=\"canonical\" href=\"https:\/\/hidrotherm.com\/?product=bomba\" \/>\n<meta property=\"og:locale\" content=\"es_ES\" \/>\n<meta property=\"og:type\" content=\"article\" \/>\n<meta property=\"og:title\" content=\"ALASKA PLUS 2HP II 60HZ - Hidrotherm\" \/>\n<meta property=\"og:description\" content=\"La bomba Alaska Plus de nuevo dise\u00f1o hidr\u00e1ulico mueve el agua de manera m\u00e1s eficiente y silenciosa que cualquier otra bomba de su categor\u00eda. Alaska Plus est\u00e1 dise\u00f1ado para ser silencioso, duradero y confiable\" \/>\n<meta property=\"og:url\" content=\"https:\/\/hidrotherm.com\/?product=bomba\" \/>\n<meta property=\"og:site_name\" content=\"Hidrotherm\" \/>\n<meta property=\"article:modified_time\" content=\"2024-09-30T16:41:27+00:00\" \/>\n<meta property=\"og:image\" content=\"https:\/\/hidrotherm.com\/wp-content\/uploads\/2024\/08\/alaska1.png\" \/>\n\t<meta property=\"og:image:width\" content=\"1250\" \/>\n\t<meta property=\"og:image:height\" content=\"1250\" \/>\n\t<meta property=\"og:image:type\" content=\"image\/png\" \/>\n<meta name=\"twitter:card\" content=\"summary_large_image\" \/>\n<meta name=\"twitter:label1\" content=\"Tiempo de lectura\" \/>\n\t<meta name=\"twitter:data1\" content=\"1 minuto\" \/>\n<script type=\"application\/ld+json\" class=\"yoast-schema-graph\">{\"@context\":\"https:\/\/schema.org\",\"@graph\":[{\"@type\":\"WebPage\",\"@id\":\"https:\/\/hidrotherm.com\/?product=bomba\",\"url\":\"https:\/\/hidrotherm.com\/?product=bomba\",\"name\":\"ALASKA PLUS 2HP II 60HZ - Hidrotherm\",\"isPartOf\":{\"@id\":\"https:\/\/hidrotherm.com\/#website\"},\"primaryImageOfPage\":{\"@id\":\"https:\/\/hidrotherm.com\/?product=bomba#primaryimage\"},\"image\":{\"@id\":\"https:\/\/hidrotherm.com\/?product=bomba#primaryimage\"},\"thumbnailUrl\":\"https:\/\/hidrotherm.com\/wp-content\/uploads\/2024\/08\/alaska1.png\",\"datePublished\":\"2024-08-19T19:30:23+00:00\",\"dateModified\":\"2024-09-30T16:41:27+00:00\",\"description\":\"La bomba Alaska Plus de nuevo dise\u00f1o hidr\u00e1ulico mueve el agua de manera m\u00e1s eficiente y silenciosa que cualquier otra bomba de su categor\u00eda. Alaska Plus est\u00e1 dise\u00f1ado para ser silencioso, duradero y confiable\",\"breadcrumb\":{\"@id\":\"https:\/\/hidrotherm.com\/?product=bomba#breadcrumb\"},\"inLanguage\":\"es\",\"potentialAction\":[{\"@type\":\"ReadAction\",\"target\":[\"https:\/\/hidrotherm.com\/?product=bomba\"]}]},{\"@type\":\"ImageObject\",\"inLanguage\":\"es\",\"@id\":\"https:\/\/hidrotherm.com\/?product=bomba#primaryimage\",\"url\":\"https:\/\/hidrotherm.com\/wp-content\/uploads\/2024\/08\/alaska1.png\",\"contentUrl\":\"https:\/\/hidrotherm.com\/wp-content\/uploads\/2024\/08\/alaska1.png\",\"width\":1250,\"height\":1250},{\"@type\":\"BreadcrumbList\",\"@id\":\"https:\/\/hidrotherm.com\/?product=bomba#breadcrumb\",\"itemListElement\":[{\"@type\":\"ListItem\",\"position\":1,\"name\":\"Portada\",\"item\":\"https:\/\/hidrotherm.com\/\"},{\"@type\":\"ListItem\",\"position\":2,\"name\":\"Tienda\",\"item\":\"https:\/\/hidrotherm.com\/?page_id=560\"},{\"@type\":\"ListItem\",\"position\":3,\"name\":\"ALASKA PLUS 2HP II 60HZ\"}]},{\"@type\":\"WebSite\",\"@id\":\"https:\/\/hidrotherm.com\/#website\",\"url\":\"https:\/\/hidrotherm.com\/\",\"name\":\"Hidrotherm\",\"description\":\"\",\"publisher\":{\"@id\":\"https:\/\/hidrotherm.com\/#organization\"},\"potentialAction\":[{\"@type\":\"SearchAction\",\"target\":{\"@type\":\"EntryPoint\",\"urlTemplate\":\"https:\/\/hidrotherm.com\/?s={search_term_string}\"},\"query-input\":{\"@type\":\"PropertyValueSpecification\",\"valueRequired\":true,\"valueName\":\"search_term_string\"}}],\"inLanguage\":\"es\"},{\"@type\":\"Organization\",\"@id\":\"https:\/\/hidrotherm.com\/#organization\",\"name\":\"Hidrotherm\",\"url\":\"https:\/\/hidrotherm.com\/\",\"logo\":{\"@type\":\"ImageObject\",\"inLanguage\":\"es\",\"@id\":\"https:\/\/hidrotherm.com\/#\/schema\/logo\/image\/\",\"url\":\"https:\/\/hidrotherm.com\/wp-content\/uploads\/2024\/07\/cropped-LOGO-SOLO.png\",\"contentUrl\":\"https:\/\/hidrotherm.com\/wp-content\/uploads\/2024\/07\/cropped-LOGO-SOLO.png\",\"width\":2135,\"height\":612,\"caption\":\"Hidrotherm\"},\"image\":{\"@id\":\"https:\/\/hidrotherm.com\/#\/schema\/logo\/image\/\"}}]}<\/script>\n<!-- \/ Yoast SEO plugin. -->","yoast_head_json":{"title":"ALASKA PLUS 2HP II 60HZ - Hidrotherm","description":"La bomba Alaska Plus de nuevo dise\u00f1o hidr\u00e1ulico mueve el agua de manera m\u00e1s eficiente y silenciosa que cualquier otra bomba de su categor\u00eda. Alaska Plus est\u00e1 dise\u00f1ado para ser silencioso, duradero y confiable","robots":{"index":"index","follow":"follow","max-snippet":"max-snippet:-1","max-image-preview":"max-image-preview:large","max-video-preview":"max-video-preview:-1"},"canonical":"https:\/\/hidrotherm.com\/?product=bomba","og_locale":"es_ES","og_type":"article","og_title":"ALASKA PLUS 2HP II 60HZ - Hidrotherm","og_description":"La bomba Alaska Plus de nuevo dise\u00f1o hidr\u00e1ulico mueve el agua de manera m\u00e1s eficiente y silenciosa que cualquier otra bomba de su categor\u00eda. Alaska Plus est\u00e1 dise\u00f1ado para ser silencioso, duradero y confiable","og_url":"https:\/\/hidrotherm.com\/?product=bomba","og_site_name":"Hidrotherm","article_modified_time":"2024-09-30T16:41:27+00:00","og_image":[{"width":1250,"height":1250,"url":"https:\/\/hidrotherm.com\/wp-content\/uploads\/2024\/08\/alaska1.png","type":"image\/png"}],"twitter_card":"summary_large_image","twitter_misc":{"Tiempo de lectura":"1 minuto"},"schema":{"@context":"https:\/\/schema.org","@graph":[{"@type":"WebPage","@id":"https:\/\/hidrotherm.com\/?product=bomba","url":"https:\/\/hidrotherm.com\/?product=bomba","name":"ALASKA PLUS 2HP II 60HZ - Hidrotherm","isPartOf":{"@id":"https:\/\/hidrotherm.com\/#website"},"primaryImageOfPage":{"@id":"https:\/\/hidrotherm.com\/?product=bomba#primaryimage"},"image":{"@id":"https:\/\/hidrotherm.com\/?product=bomba#primaryimage"},"thumbnailUrl":"https:\/\/hidrotherm.com\/wp-content\/uploads\/2024\/08\/alaska1.png","datePublished":"2024-08-19T19:30:23+00:00","dateModified":"2024-09-30T16:41:27+00:00","description":"La bomba Alaska Plus de nuevo dise\u00f1o hidr\u00e1ulico mueve el agua de manera m\u00e1s eficiente y silenciosa que cualquier otra bomba de su categor\u00eda. Alaska Plus est\u00e1 dise\u00f1ado para ser silencioso, duradero y confiable","breadcrumb":{"@id":"https:\/\/hidrotherm.com\/?product=bomba#breadcrumb"},"inLanguage":"es","potentialAction":[{"@type":"ReadAction","target":["https:\/\/hidrotherm.com\/?product=bomba"]}]},{"@type":"ImageObject","inLanguage":"es","@id":"https:\/\/hidrotherm.com\/?product=bomba#primaryimage","url":"https:\/\/hidrotherm.com\/wp-content\/uploads\/2024\/08\/alaska1.png","contentUrl":"https:\/\/hidrotherm.com\/wp-content\/uploads\/2024\/08\/alaska1.png","width":1250,"height":1250},{"@type":"BreadcrumbList","@id":"https:\/\/hidrotherm.com\/?product=bomba#breadcrumb","itemListElement":[{"@type":"ListItem","position":1,"name":"Portada","item":"https:\/\/hidrotherm.com\/"},{"@type":"ListItem","position":2,"name":"Tienda","item":"https:\/\/hidrotherm.com\/?page_id=560"},{"@type":"ListItem","position":3,"name":"ALASKA PLUS 2HP II 60HZ"}]},{"@type":"WebSite","@id":"https:\/\/hidrotherm.com\/#website","url":"https:\/\/hidrotherm.com\/","name":"Hidrotherm","description":"","publisher":{"@id":"https:\/\/hidrotherm.com\/#organization"},"potentialAction":[{"@type":"SearchAction","target":{"@type":"EntryPoint","urlTemplate":"https:\/\/hidrotherm.com\/?s={search_term_string}"},"query-input":{"@type":"PropertyValueSpecification","valueRequired":true,"valueName":"search_term_string"}}],"inLanguage":"es"},{"@type":"Organization","@id":"https:\/\/hidrotherm.com\/#organization","name":"Hidrotherm","url":"https:\/\/hidrotherm.com\/","logo":{"@type":"ImageObject","inLanguage":"es","@id":"https:\/\/hidrotherm.com\/#\/schema\/logo\/image\/","url":"https:\/\/hidrotherm.com\/wp-content\/uploads\/2024\/07\/cropped-LOGO-SOLO.png","contentUrl":"https:\/\/hidrotherm.com\/wp-content\/uploads\/2024\/07\/cropped-LOGO-SOLO.png","width":2135,"height":612,"caption":"Hidrotherm"},"image":{"@id":"https:\/\/hidrotherm.com\/#\/schema\/logo\/image\/"}}]}},"_links":{"self":[{"href":"https:\/\/hidrotherm.com\/index.php?rest_route=\/wp\/v2\/product\/1830","targetHints":{"allow":["GET"]}}],"collection":[{"href":"https:\/\/hidrotherm.com\/index.php?rest_route=\/wp\/v2\/product"}],"about":[{"href":"https:\/\/hidrotherm.com\/index.php?rest_route=\/wp\/v2\/types\/product"}],"replies":[{"embeddable":true,"href":"https:\/\/hidrotherm.com\/index.php?rest_route=%2Fwp%2Fv2%2Fcomments&post=1830"}],"wp:featuredmedia":[{"embeddable":true,"href":"https:\/\/hidrotherm.com\/index.php?rest_route=\/wp\/v2\/media\/1831"}],"wp:attachment":[{"href":"https:\/\/hidrotherm.com\/index.php?rest_route=%2Fwp%2Fv2%2Fmedia&parent=1830"}],"wp:term":[{"taxonomy":"product_brand","embeddable":true,"href":"https:\/\/hidrotherm.com\/index.php?rest_route=%2Fwp%2Fv2%2Fproduct_brand&post=1830"},{"taxonomy":"product_cat","embeddable":true,"href":"https:\/\/hidrotherm.com\/index.php?rest_route=%2Fwp%2Fv2%2Fproduct_cat&post=1830"},{"taxonomy":"product_tag","embeddable":true,"href":"https:\/\/hidrotherm.com\/index.php?rest_route=%2Fwp%2Fv2%2Fproduct_tag&post=1830"}],"curies":[{"name":"wp","href":"https:\/\/api.w.org\/{rel}","templated":true}]}}